 60338?
3
What is the thousands digit of 35753?
5
What is the hundreds digit of 1832?
8
What is the thousands digit of 2348?
2
What is the units digit of 91581?
1
What is the tens digit of 19493?
9
What is the tens digit of 60709?
0
What is the thousands digit of 11089?
1
What is the thousands digit of 7650?
7
What is the thousands digit of 1317?
1
What is the ten thousands digit of 29235?
2
What is the tens digit of 40263?
6
What is the units digit of 4086?
6
What is the units digit of 60737?
7
What is the hundreds digit of 44646?
6
What is the units digit of 1439?
9
What is the tens digit of 482?
8
What is the units digit of 452?
2
What is the units digit of 64406?
6
What is the tens digit of 17700?
0
What is the hundreds digit of 4289?
2
What is the hundreds digit of 2347?
3
What is the thousands digit of 25210?
5
What is the thousands digit of 1122?
1
What is the hundreds digit of 157296?
2
What is the units digit of 5753?
3
What is the units digit of 610?
0
What is the thousands digit of 3329?
3
What is the hundreds digit of 641?
6
What is the tens digit of 680?
8
What is the units digit of 44?
4
What is the thousands digit of 120074?
0
What is the ten thousands digit of 64150?
6
What is the tens digit of 576?
7
What is the tens digit of 11103?
0
What is the tens digit of 35814?
1
What is the tens digit of 5768?
6
What is the hundreds digit of 2641?
6
What is the tens digit of 634?
3
What is the thousands digit of 44238?
4
What is the units digit of 181?
1
What is the thousands digit of 7310?
7
What is the units digit of 49265?
5
What is the hundreds digit of 9458?
4
What is the tens digit of 1566?
6
What is the ten thousands digit of 21058?
2
What is the thousands digit of 48223?
8
What is the hundreds digit of 1207?
2
What is the tens digit of 827?
2
What is the ten thousands digit of 82546?
8
What is the thousands digit of 13715?
3
What is the hundreds digit of 78338?
3
What is the thousands digit of 14767?
4
What is the tens digit of 14616?
1
What is the hundreds digit of 1135?
1
What is the ten thousands digit of 11858?
1
What is the hundreds digit of 767?
7
What is the tens digit of 7056?
5
What is the thousands digit of 8145?
8
What is the tens digit of 3161?
6
What is the hundreds digit of 1631?
6
What is the hundred thousands digit of 100481?
1
What is the tens digit of 84783?
8
What is the thousands digit of 4763?
4
What is the hundreds digit of 27427?
4
What is the tens digit of 112920?
2
What is the thousands digit of 5564?
5
What is the hundreds digit of 6450?
4
What is the units digit of 5743?
3
What is the thousands digit of 4203?
4
What is the thousands digit of 4853?
4
What is the units digit of 5259?
9
What is the tens digit of 37?
3
What is the ten thousands digit of 19367?
1
What is the hundred thousands digit of 115040?
1
What is the thousands digit of 1103?
1
What is the hundreds digit of 7350?
3
What is the units digit of 5327?
7
What is the tens digit of 4463?
6
What is the thousands digit of 1674?
1
What is the units digit of 633?
3
What is the hundreds digit of 8984?
9
What is the tens digit of 474?
7
What is the hundreds digit of 1786?
7
What is the thousands digit of 20419?
0
What is the thousands digit of 2017?
2
What is the units digit of 1412?
2
What is the tens digit of 3366?
6
What is the tens digit of 1590?
9
What is the tens digit of 7401?
0
What is the units digit of 952?
2
What is the hundreds digit of 53719?
7
What is the hundreds digit of 31849?
8
What is the ten thousands digit of 48862?
4
What is the thousands digit of 1200?
1
What is the units digit of 662?
2
What is the thousands digit of 3439?
3
What is the hundreds digit of 3416?
4
What is the ten thousands digit of 174844?
7
What is the units digit of 3450?
0
What is the thousands digit of 34186?
4
What is the units digit of 1066?
6
What is the hundreds digit of 7063?
0
What is the units digit of 86397?
7
What is the hundreds digit of 1740?
7
What is the thousands digit of 37348?
7
What is the tens digit of 22131?
3
What is the thousands digit of 10076?
0
What is the thousands digit of 7101?
7
What is the hundreds digit of 4509?
5
What is the hundreds digit of 206?
2
What is the thousands digit of 5808?
5
What is the tens digit of 5506?
0
What is the hundreds digit of 22373?
3
What is the hundreds digit of 539?
5
What is the units digit of 765?
5
What is the tens digit of 1170?
7
What is the units digit of 1922?
2
What is the hundreds digit of 466?
4
What is the tens digit of 635?
3
What is the thousands digit of 1420?
1
What is the ten thousands digit of 49629?
4
What is the tens digit of 68?
6
What is the thousands digit of 1092?
1
What is the units digit of 299?
9
What is the thousands digit of 9704?
9
What is the thousands digit of 6584?
6
What is the thousands digit of 11748?
1
What is the tens digit of 4011?
1
What is the ten thousands digit of 36172?
3
What is the hundreds digit of 54951?
9
What is the thousands digit of 61133?
1
What is the tens digit of 20283?
8
What is the tens digit of 8329?
2
What is the hundreds digit of 38218?
2
What is the hundreds digit of 3530?
5
What is the hundreds digit of 38417?
4
What is the units digit of 840?
0
What is the units digit of 210?
0
What is the tens digit of 5954?
5
What is the units digit of 650?
0
What is the tens digit of 513?
1
What is the thousands digit of 5750?
5
What is the tens digit of 6412?
1
What is the tens digit of 3451?
5
What is the tens digit of 6256?
5
What is the thousands digit of 1223?
1
What is the units digit of 209?
9
What is the units digit of 12044?
4
What is the tens digit of 2400?
0
What is the units digit of 4124?
4
What is the thousands digit of 118068?
8
What is the units digit of 13589?
9
What is the units digit of 3087?
7
What is the tens digit of 6704?
0
What is the tens digit of 56195?
9
What is the units digit of 112058?
8
What is the units digit of 47450?
0
What is the hundreds digit of 1307?
3
What is the units digit of 45947?
7
What is the units digit of 14060?
0
What is the units digit of 18837?
7
What is the ten thousands digit of 11941?
1
What is the ten thousands digit of 50233?
5
What is the tens digit of 8516?
1
What is the tens digit of 215?
1
What is the tens digit of 2068?
6
What is the tens digit of 528?
2
What is the hundreds digit of 1184?
1
What is the units digit of 7915?
5
What is the ten thousands digit of 28993?
2
What is the ten thousands digit of 15431?
1
What is the tens digit of 141003?
0
What is the tens digit of 127?
2
What is the hundreds digit of 54661?
6
What is the thousands digit of 2569?
2
What is the hundreds digit of 15889?
8
What is the tens digit of 9885?
8
What is the tens digit of 199?
9
What is the units digit of 3277?
7
What is the ten thousands digit of 24512?
2
What is the tens digit of 9384?
8
What is the units digit of 490?
0
What is the hundreds digit of 21078?
0
What is the tens digit of 31523?
2
What is the hundreds digit of 128?
1
What is the thousands digit of 4366?
4
What is the tens digit of 4375?
7
What is the thousands digit of 74256?
4
What is the tens digit of 1231?
3
What is the ten thousands digit of 19606?
1
What is the units digit of 4036?
6
What is the hundreds digit of 508?
5
What is the hundreds digit of 41335?
3
What is the hundreds digit of 1917?
9
What is the hundreds digit of 8263?
2
What is the units digit of 37799?
9
What is the thousands digit of 5638?
5
What is the units digit of 15333?
3
What is the ten thousands digit of 95215?
9
What is the thousands digit of 8910?
8
What is the hundreds digit of 5442?
4
What is the units digit of 12789?
9
What is the units digit of 30753?
3
What is the thousands digit of 1379?
1
What is the units digit of 57?
7
What is the units digit of 1760?
0
What is the units digit of 1235?
5
What is the units digit of 39756?
6
What is the units digit of 885?
5
What is the units digit of 104844?
4
What is the hundred thousands digit of 109113?
1
What is the hundreds digit of 364?
3
What is the hundreds digit of 1807?
8
What is the thousands digit of 2016?
2
What is the thousands digit of 24047?
4
What is the thousands digit of 8791?
8
What is the ten thousands digit of 19173?
1
What is the units digit of 31484?
4
What is the ten thousands digit of 84098?
8
W